ime factors of a?
2, 3, 163
Suppose -15*u + 76287 = -64367 - 54631. What are the prime factors of u?
47, 277
Suppose -l + 11*l - 20 = 0. Suppose -3*v = -4*n + 66, 3*n - v = -3*v + 58. Suppose -l*a + n = -266. What are the prime factors of a?
2, 71
Suppose 2*d + 23 = 5*a, 3*d - 6*d = -a + 2. Let f = -1321 + 1319. List the prime factors of f + 780/(-1 + a).
193
Suppose -s + 9 = g, 0 = 2*s - 2*g - 11 - 7. Let u be (-8 + (-3)/3)*366/s. Let x = u - -556. List the prime factors of x.
2, 5, 19
Let m(b) = 11*b**2 + 3*b + 2. Suppose 12 = 4*x - 0. Suppose 0 = 2*g, 0 = -4*f + g + x*g + 12. What are the prime factors of m(f)?
2, 5, 11
Let u be ((-12)/9)/(-1*6/9). Suppose -u*o = -7*o + 10. Suppose -3*x + 468 = 3*g, -o*x = -0*g + 4*g - 618. List the prime factors of g.
3, 17
What are the prime factors of -155522*(-2)/24 - 18*(-15)/(-1620)?
2, 3, 5
Suppose v + 2*p - 30537 = 0, 111991 = -6*v + 5*p + 295315. What are the prime factors of v?
3, 17, 599
Let p(b) = -4*b**3 - 108*b**2 + 55*b + 69. What are the prime factors of p(-33)?
2, 3, 5, 271
Suppose -155*j = -1096946 - 116774 + 6735. List the prime factors of j.
13, 599
Let w be ((-5)/2 + 2)/(18/(-360)). Let r(k) = k**2 + 6*k - 20. List the prime factors of r(w).
2, 5, 7
Let k be (-64)/(-20) + 40/50. Suppose 0 = k*r - 13*r + 3204. List the prime factors of r.
2, 89
List the prime factors of 1*((-33)/2)/(63/(-47964)).
2, 11, 571
Let j(v) = v**3 + 13*v**2 - 10*v + 8121. What are the prime factors of j(0)?
3, 2707
Suppose n - 2*n - 4*o = -4, 4*o + 16 = 4*n. Suppose -5*f + 446 = -2*f - 5*w, -n*w - 752 = -5*f. Suppose -5*b = -502 + f. What are the prime factors of b?
2, 5, 7
Suppose 21*h + 12485 = 26*h - 5*z, 0 = 2*h + z - 5006. What are the prime factors of h?
41, 61
Let q(h) = 2657*h + 93. List the prime factors of q(1).
2, 5, 11
Suppose 6*l = -15*l + 6090. Suppose l = f + 3*j, 0 = f + 5*j - 137 - 143. What are the prime factors of f?
5, 61
Let f be 15/10 + (-251867)/(-22). Suppose 135*v = 145*v - f. List the prime factors of v.
5, 229
Let i(a) = 2*a**2 - a - 1. Let h be i(2). Suppose -43*o + 6 = -40*o. Suppose -2*n - 2*t + 22 + 4 = 0, h*t - 29 = -o*n. What are the prime factors of n?
2, 3
Suppose 8*a + 93926 = -a + 16*a. What are the prime factors of a?
2, 6709
Let h(s) = s**3 - 7*s**2 + 2*s - 14. Let z be h(7). Suppose 0 = 2*f - v + 5, z = -2*f - v + 5. Suppose -8*d + 3*d + 45 = f. What are the prime factors of d?
3
Let s(x) = -17*x**2 + 6*x + 15. Let c be s(-3). List the prime factors of 9 + -1*(c - 3).
2, 3, 7
Suppose -4*t + 42 = 2*d, -5*t - 4*d = 2 - 62. Let c = 37 + t. Let s = c - 42. What are the prime factors of s?
3
Suppose -5*s + 0 + 20 = 0. Suppose 0*d = -s*c + d + 2115, d - 5 = 0. List the prime factors of c.
2, 5, 53
Suppose 596 = 6*r - 616. Let c = r - -562. What are the prime factors of c?
2, 191
Let c(v) = 17*v**2 - 13212 + 13201 + 0*v - v. List the prime factors of c(-5).
419
Suppose 15 = -6*n + n. List the prime factors of ((-354 + 3)/n)/(1/3).
3, 13
Let n = 1091 - 168. Suppose -5*o + i - 6*i + 1165 = 0, 4*o + i = n. List the prime factors of o.
2, 5, 23
Suppose 0 = 5*r - 4*a - 115084, 0 = 33*r - 38*r + 5*a + 115085. What are the prime factors of r?
2, 3, 7, 137
Let d be 5*(5 - 44/10). Suppose -n + r = n - 571, -d*r = -2*n + 581. What are the prime factors of n?
283
Let i(x) = -2791*x - 2502. What are the prime factors of i(-19)?
50527
Let d = -60 - -86. Let f be -2 - -1 - -2*d. Suppose -6*p - 5*x + f = -2*p, 0 = 4*p - 4*x - 60. What are the prime factors of p?
2, 7
Let o = 66 + -61. Suppose o*b = 3*b + 22. List the prime factors of (b/(-4))/((-4)/224).
2, 7, 11
Let c = -130 + 143. Suppose c*v = -3*v + 1008. List the prime factors of v.
3, 7
Suppose -3*q + 2*u = -0*q + 303, 4*q + 404 = -u. Let l = 149 + q. Let j = 89 - l. List the prime factors of j.
41
Suppose 7 = -a + 7. Suppose a = -7*z + 1428 + 175. Suppose -h - h + 5*m = -z, 3*m + 348 = 3*h. List the prime factors of h.
3, 13
What are the prime factors of (8/(-12))/((-10)/135) - -12104?
12113
Let l(p) = 74*p - 227. Let k be l(25). Let z = 3452 - k. What are the prime factors of z?
31, 59
Suppose -4*r = r - 4*j + 1, -2*r - 3*j + 18 = 0. Let g be (0 + 1)*r*(-17)/(-3). Let x = g + -9. What are the prime factors of x?
2
Let c(z) be the third derivative of 7*z**5/30 + 19*z**4/8 + 19*z**3/6 - z**2 - 15*z. What are the prime factors of c(-13)?
2, 3, 137
Suppose 0 = -5*n + 3*h + 78325, 11*n + 11*h = 6*n + 78395. List the prime factors of n.
2, 3917
Let d be (4*(-4)/(-3))/((-52)/(-78)). Suppose -7*o = -13 - d. What are the prime factors of (o + -4 + 4)*1 + 209?
2, 53
List the prime factors of -2 + -1 - ((-258)/(-172))/(1/(-210)).
2, 3, 13
Let p = -45 + 46. Let n be 1 + p + 134 + 1. Suppose -2*o + n = -29. List the prime factors of o.
83
Let r = 16247 - 10540. Suppose -19*s + r = 1033. List the prime factors of s.
2, 3, 41
Suppose -6*m - 30 = -m. Let h be 3/(((-4)/m)/((-1322)/(-9))). Suppose -p + 839 = 5*r, -5*r + 175 = 4*p - h. What are the prime factors of r?
2, 3, 7
Let d(v) = -26*v - 8. Let r be d(-4). Suppose -20 = 5*f, 2*f + r = 3*y - f. Suppose -11*a - y = -204. What are the prime factors of a?
2
Let v = 237 + -227. Suppose -v*h - 3178 = -3*l - 12*h, 2*l = 2*h + 2132. List the prime factors of l.
2, 3, 59
Let y = 4920 + -1205. What are the prime factors of y?
5, 743
Let j = -42 + 138. Suppose 94*a + 190 = j*a. What are the prime factors of a?
5, 19
Let q(p) = -23*p - 57. Let k be (-1)/(1 + 12/(-13)). List the prime factors of q(k).
2, 11
Let i = -14700 - -37223. What are the prime factors of i?
101, 223
List the prime factors of 650/(13/(19 - 6)).
2, 5, 13
Let r(v) be the first derivative of -v**2/2 + v + 12. Let h be r(1). Suppose 2*t - 312 = -4*m, h*t = -2*t - m + 297. What are the prime factors of t?
2, 73
Let l(k) = k**3 + k**2 - 4*k + 1. Let i be l(-4). Suppose -836 = 2*v - 1036. Let f = i + v. List the prime factors of f.
3, 23
Let n(h) = -h**3 + 27*h**2 - 21*h - 65. Let r be n(23). Suppose 4*j - 2*a - r = -358, 0 = -4*j + 3*a + 1205. List the prime factors of j.
5, 61
Let w(a) = -19*a + 154. Let t be w(8). Suppose 0 = j + t*q - 839, -5*j + 4183 = -2*q - 0*q. List the prime factors of j.
3, 31
Suppose 0 = 9*p - 8*p. Suppose p = 11*h - 5*h - 2196. Suppose -3*f - 5*b = -f - h, 0 = 3*f - 3*b - 549. What are the prime factors of f?
3, 61
Suppose -2*n + p - 3*p = 8, 2*p = -4*n - 14. Let s be ((-3)/4)/(n/(-12)). What are the prime factors of (-14)/(-21) + (-202)/s?
2, 17
Let g = -15987 - -49281. What are the prime factors of g?
2, 3, 31, 179
Let s be (-14)/(-4) + 1 + (-7)/14. Suppose s = t + 21. Let l(w) = -w**2 - 22*w - 60. List the prime factors of l(t).
5
Let s be -12 - 321/(-27) - 21806/9. Let y = s - -4111. What are the prime factors of y?
2, 211
Let t = -241 + 246. Suppose o - t - 131 = 0. List the prime factors of o.
2, 17
Let f be 793 + 14/3 + 10/(-15). Suppose -h + 38 = -f. List the prime factors of h.
5, 167
List the prime factors of 1/(3/891*3)*(-41100)/(-900).
3, 11, 137
Let n(g) = g**3 + g + 188. Let q(v) = -26*v - 1. Let z be q(1). Let m = 27 + z. What are the prime factors of n(m)?
2, 47
Suppose h = 2*j - 142846, -7*j + 40*h = 41*h - 499988. List the prime factors of j.
2, 71, 503
Suppose 3*b - 6*b + 3225 = -3*f, -2*b + 2136 = 5*f. Suppose 3*z = 628 + b. What are the prime factors of z?
3, 7
Suppose -w + 5*k = -57439, w = -7*w + 2*k + 459626. What are the prime factors of w?
2, 23, 1249
Suppose 3*x = -2*l - 2*l + 7768, -5*x = 3*l - 5826. Suppose -4*a + q + l = 0, 2*a + a = 3*q + 1452. What are the prime factors of a?
2, 3
Let k be (-9 - 7) + 12 + 17. Let f(z) = 2*z**2 - 15*z - 33. Let w(o) = o**2 - 7*o - 17. Let u(s) = -6*f(s) + 11*w(s). What are the prime factors of u(k)?
11
Let z be -2 - 4/(20/(-5)). Let p = 2 - z. Suppose -2*m + 17 + 27 = -4*q, 0 = -5*m - p*q + 175. List the prime factors of m.
2
Let c(u) = -u**3 - 4*u**2 - 3*u - 1. Let f be c(-2). Let h be (-3 + 6)*4/f. What are the prime factors of (10/h)/((-6)/132)?
5, 11
Let h = -173 + 179. Suppose -h*z - 305 + 1475 = 0. What are the prime factors of z?
3, 5, 13
Suppose 103*u - 2*y = 100*u + 170999, 5*u - 6*y - 284977 = 0. List the prime factors of u.
5, 13, 877
Suppose -3*r - 17153 = -p, r = -1 + 2. List the prime factors of p.
2, 4289
Let p(w) be the third deriva